{"id":208,"date":"2025-02-26T12:55:53","date_gmt":"2025-02-26T12:55:53","guid":{"rendered":"https:\/\/test.digitalloge.com\/?page_id=208"},"modified":"2025-04-09T15:31:08","modified_gmt":"2025-04-09T15:31:08","slug":"academy","status":"publish","type":"page","link":"https:\/\/digitalloge.com\/index.php\/academy\/","title":{"rendered":"Academy-group-> academy dilo"},"content":{"rendered":"\n<div class=\"wp-block-uagb-container uagb-block-aue70fe6 alignfull uagb-is-root-container\">\n<div class=\"wp-block-uagb-info-box uagb-block-s6xuduzj uagb-infobox__content-wrap  uagb-infobox-icon-above-title uagb-infobox-image-valign-top\"><div class=\"uagb-ifb-content\"><div class=\"uagb-ifb-title-wrap\"><h1 class=\"uagb-ifb-title\"> Academy<\/h1><\/div><\/div><\/div>\n<\/div>\n\n\n\n<div class=\"wp-block-uagb-container uag-hide-tab uagb-layout-flex uagb-block-0591b41d alignfull uagb-is-root-container\"><div class=\"uagb-container-inner-blocks-wrap\">\n<div class=\"wp-block-uagb-container uagb-block-4d500dea\">\n<div class=\"wp-block-uagb-info-box uagb-block-17bf430e uagb-infobox__content-wrap  uagb-infobox-icon-above-title uagb-infobox-image-valign-top wp-block-uagb-info-box--has-margin text-alignment-with-picture\"><div class=\"uagb-infobox-margin-wrapper\"><div class=\"uagb-ifb-content\"><div class=\"uagb-ifb-title-wrap\"><h1 class=\"uagb-ifb-title\">Vor Ort oder live in einem Online-Training \u2013 ma\u00dfgeschneiderte Schulungsformate und Inhalte, die Ihren Bed\u00fcrfnissen entsprechen.                          <\/h1><\/div><div class=\"uagb-ifb-separator\"><\/div><\/div><\/div><\/div>\n\n\n\n<div class=\"wp-block-uagb-buttons uagb-buttons__outer-wrap uagb-btn__default-btn uagb-btn-tablet__default-btn uagb-btn-mobile__default-btn uagb-block-284c575f\"><div class=\"uagb-buttons__wrap uagb-buttons-layout-wrap \">\n<div class=\"wp-block-uagb-buttons-child uagb-buttons__outer-wrap uagb-block-23585f54 wp-block-button\"><div class=\"uagb-button__wrapper\"><a class=\"uagb-buttons-repeater wp-block-button__link\" aria-label=\"\" href=\"https:\/\/digitalloge.zohobookings.eu\/#\/digitallogegmbh\" rel=\"follow noopener\" target=\"_blank\" role=\"button\"><div class=\"uagb-button__link\">Kostenfreies Erstegespr\u00e4ch buchen<\/div><\/a><\/div><\/div>\n<\/div><\/div>\n<\/div>\n<\/div><\/div>\n\n\n\n<div class=\"wp-block-uagb-container uag-hide-desktop uag-hide-mob uagb-layout-grid uagb-block-bdg15cwk alignfull uagb-is-root-container\"><div class=\"uagb-container-inner-blocks-wrap\">\n<div class=\"wp-block-uagb-container uagb-block-jnrbmasg\">\n<div class=\"wp-block-uagb-info-box uagb-block-h2edgz4b uagb-infobox__content-wrap  uagb-infobox-icon-above-title uagb-infobox-image-valign-top\"><div class=\"uagb-ifb-content\"><div class=\"uagb-ifb-title-wrap\"><h1 class=\"uagb-ifb-title\">Vor Ort oder live in einem Online-Training \u2013 ma\u00dfgeschneiderte Schulungsformate und Inhalte, die Ihren Bed\u00fcrfnissen entsprechen.<\/h1><\/div><div class=\"uagb-ifb-separator\"><\/div><p class=\"uagb-ifb-desc\"><br><\/p><\/div><\/div>\n\n\n\n<div class=\"wp-block-uagb-buttons uagb-buttons__outer-wrap uagb-btn__default-btn uagb-btn-tablet__default-btn uagb-btn-mobile__default-btn uagb-block-airquyfs\"><div class=\"uagb-buttons__wrap uagb-buttons-layout-wrap \">\n<div class=\"wp-block-uagb-buttons-child uagb-buttons__outer-wrap uagb-block-g7wyentd wp-block-button\"><div class=\"uagb-button__wrapper\"><a class=\"uagb-buttons-repeater wp-block-button__link\" aria-label=\"\" href=\"https:\/\/digitalloge.zohobookings.eu\/#\/digitallogegmbh\" rel=\"follow noopener\" target=\"_blank\" role=\"button\"><div class=\"uagb-button__link\">Kostenfreies Erstegespr\u00e4ch buchen<\/div><\/a><\/div><\/div>\n<\/div><\/div>\n<\/div>\n<\/div><\/div>\n\n\n\n<div class=\"wp-block-uagb-container uagb-block-q3tx5hk0 alignfull uagb-is-root-container\"><div class=\"uagb-container-inner-blocks-wrap\">\n<div class=\"wp-block-group is-layout-flex wp-block-group-is-layout-flex\">\n<div class=\"wp-block-uagb-image alignleft uagb-block-fqrskfuu wp-block-uagb-image--layout-default wp-block-uagb-image--effect-static wp-block-uagb-image--align-left\"><figure class=\"wp-block-uagb-image__figure\"><img decoding=\"async\" srcset=\"https:\/\/corporate-momentum-group.com\/wp-content\/uploads\/2024\/12\/iStock-1450789079_L-1024x683.jpg ,https:\/\/corporate-momentum-group.com\/wp-content\/uploads\/2024\/12\/iStock-1450789079_L.jpg 780w, https:\/\/corporate-momentum-group.com\/wp-content\/uploads\/2024\/12\/iStock-1450789079_L.jpg 360w\" sizes=\"auto, (max-width: 480px) 150px\" src=\"https:\/\/corporate-momentum-group.com\/wp-content\/uploads\/2024\/12\/iStock-1450789079_L-1024x683.jpg\" alt=\"\" class=\"uag-image-4306\" width=\"564\" height=\"600\" title=\"Multiracial business people working at creative coworking office\" loading=\"lazy\" role=\"img\"\/><\/figure><\/div>\n\n\n\n<div class=\"wp-block-uagb-container uagb-block-f24cd510\">\n<div class=\"wp-block-uagb-info-box uagb-block-e623962b uagb-infobox__content-wrap  uagb-infobox-icon-above-title uagb-infobox-image-valign-top wp-block-uagb-info-box--has-margin\"><div class=\"uagb-infobox-margin-wrapper\"><div class=\"uagb-ifb-content\"><div class=\"uagb-ifb-title-wrap\"><p class=\"uagb-ifb-title-prefix\">Digital Champions treiben die Umsetzung<\/p><h2 class=\"uagb-ifb-title\">Schulungsformate<\/h2><\/div><div class=\"uagb-ifb-separator\"><\/div><\/div><\/div><\/div>\n\n\n\n<p>Unsere Digital Champions treiben die Umsetzung voran und bieten verschiedene Schulungsformate an, um die individuellen Bed\u00fcrfnisse Ihres Unternehmens zu erf\u00fcllen. Wir bieten das perfekte Schulungsformat f\u00fcr Ihre spezifischen Anforderungen, sei es durch Vor-Ort-Pr\u00e4senzschulungen, Live-Online-Schulungen oder Workshops, die remote, vor Ort oder hybrid durchgef\u00fchrt werden k\u00f6nnen. Unsere Schulungsformate bieten eine optimale Lernweise f\u00fcr Ihr Unternehmen und Ihre Mitarbeitenden, ma\u00dfgeschneidert auf Ihre spezifischen Anforderungen. Durch unsere flexiblen Schulungsformate k\u00f6nnen wir sicherstellen, dass Ihre Mitarbeiter die notwendigen F\u00e4higkeiten und Kenntnisse erwerben, um erfolgreich in der digitalen Welt zu agieren. Wir beraten Sie gerne, um das beste Schulungsformat f\u00fcr Ihr Unternehmen zu finden und Ihre Ziele zu erreichen. Ob Sie eine kleine Gruppe von Mitarbeitern schulen m\u00f6chten oder ein gro\u00dfes Unternehmen mit komplexen Schulungsbed\u00fcrfnissen haben, wir haben die richtige L\u00f6sung f\u00fcr Sie. Unsere Digital Champions stehen Ihnen zur Seite, um die Umsetzung Ihrer Schulungsziele zu unterst\u00fctzen und sicherzustellen, dass Ihre Mitarbeiter die notwendigen F\u00e4higkeiten und Kenntnisse erwerben, um erfolgreich in der digitalen Welt zu agieren.<\/p>\n<\/div>\n<\/div>\n<\/div><\/div>\n\n\n\n<div class=\"wp-block-uagb-container uagb-block-6velgqpd alignfull uagb-is-root-container\"><div class=\"uagb-container-inner-blocks-wrap\">\n<div class=\"wp-block-group is-layout-flex wp-block-group-is-layout-flex\">\n<div class=\"wp-block-uagb-container uagb-block-qhkvbdbp\">\n<div class=\"wp-block-uagb-info-box uagb-block-5p02kdfi uagb-infobox__content-wrap  uagb-infobox-icon-above-title uagb-infobox-image-valign-top wp-block-uagb-info-box--has-margin\"><div class=\"uagb-infobox-margin-wrapper\"><div class=\"uagb-ifb-content\"><div class=\"uagb-ifb-title-wrap\"><p class=\"uagb-ifb-title-prefix\">Digital Champions treiben die Umsetzung<\/p><h2 class=\"uagb-ifb-title\">Inhalte &amp; Themen<\/h2><\/div><div class=\"uagb-ifb-separator\"><\/div><\/div><\/div><\/div>\n\n\n\n<p>Unsere Digital Champions treiben die Umsetzung voran und bieten Inhalte und Themen an, die bedarfsgerecht und zielgerichtet f\u00fcr Ihr Unternehmen zusammengestellt werden. Unsere Themen umfassen unter anderem Digitalisierungs-Coaching, K\u00fcnstliche Intelligenz und unternehmensspezifische KI-Anwendungen, sowie Krisenmanagement. Diese Themen sind von entscheidender Bedeutung, um Ihr Unternehmen auf den digitalen Weg zu bringen und sicherzustellen, dass Sie die notwendigen F\u00e4higkeiten und Kenntnisse besitzen, um erfolgreich zu sein. Unsere erfahrenen Partner der DigitalLoge leiten und moderieren die Workshops, um Mitarbeitende und Management zu bef\u00e4higen, Ihren digitalen Weg zu definieren und \u00fcber die wesentlichen Ziele zu entscheiden. Durch unsere Inhalte und Themen k\u00f6nnen wir sicherstellen, dass Ihre Mitarbeiter die notwendigen F\u00e4higkeiten und Kenntnisse erwerben, um erfolgreich in der digitalen Welt zu agieren. Wir beraten Sie gerne, um die besten Themen f\u00fcr Ihr Unternehmen zu finden und Ihre Ziele zu erreichen. Ob Sie eine kleine Gruppe von Mitarbeitern schulen m\u00f6chten oder ein gro\u00dfes Unternehmen mit komplexen Schulungsbed\u00fcrfnissen haben, wir haben die richtige L\u00f6sung f\u00fcr Sie. Unsere Digital Champions stehen Ihnen zur Seite, um die Umsetzung Ihrer Schulungsziele zu unterst\u00fctzen und sicherzustellen, dass Ihre Mitarbeiter die notwendigen F\u00e4higkeiten und Kenntnisse erwerben, um erfolgreich in der digitalen Welt zu agieren.<\/p>\n<\/div>\n\n\n\n<div class=\"wp-block-uagb-image alignleft uagb-block-isnzgyit wp-block-uagb-image--layout-default wp-block-uagb-image--effect-static wp-block-uagb-image--align-left\"><figure class=\"wp-block-uagb-image__figure\"><img decoding=\"async\" srcset=\"https:\/\/corporate-momentum-group.com\/wp-content\/uploads\/2024\/12\/iStock-615524918_L-2-1024x683.jpg ,https:\/\/corporate-momentum-group.com\/wp-content\/uploads\/2024\/12\/iStock-615524918_L-2.jpg 780w, https:\/\/corporate-momentum-group.com\/wp-content\/uploads\/2024\/12\/iStock-615524918_L-2.jpg 360w\" sizes=\"auto, (max-width: 480px) 150px\" src=\"https:\/\/corporate-momentum-group.com\/wp-content\/uploads\/2024\/12\/iStock-615524918_L-2-1024x683.jpg\" alt=\"\" class=\"uag-image-4525\" width=\"564\" height=\"600\" title=\"Winner\" loading=\"lazy\" role=\"img\"\/><\/figure><\/div>\n<\/div>\n<\/div><\/div>\n\n\n\n<div class=\"wp-block-uagb-container uagb-block-e74a7d65 alignfull uagb-is-root-container\"><div class=\"uagb-container-inner-blocks-wrap\">\n<div class=\"wp-block-group is-layout-flex wp-block-group-is-layout-flex\">\n<div class=\"wp-block-uagb-image alignleft uagb-block-08f82ca8 wp-block-uagb-image--layout-default wp-block-uagb-image--effect-static wp-block-uagb-image--align-left\"><figure class=\"wp-block-uagb-image__figure\"><img decoding=\"async\" srcset=\"https:\/\/digitalloge.com\/wp-content\/uploads\/2025\/02\/2022-Corporate-Momentum23023-1024x682.jpg ,https:\/\/digitalloge.com\/wp-content\/uploads\/2025\/02\/2022-Corporate-Momentum23023.jpg 780w, https:\/\/digitalloge.com\/wp-content\/uploads\/2025\/02\/2022-Corporate-Momentum23023.jpg 360w\" sizes=\"auto, (max-width: 480px) 150px\" src=\"https:\/\/digitalloge.com\/wp-content\/uploads\/2025\/02\/2022-Corporate-Momentum23023-1024x682.jpg\" alt=\"\" class=\"uag-image-63\" width=\"564\" height=\"600\" title=\"2022-Corporate-Momentum23023\" loading=\"lazy\" role=\"img\"\/><\/figure><\/div>\n\n\n\n<div class=\"wp-block-uagb-container uagb-block-138cf3c7\">\n<div class=\"wp-block-uagb-info-box uagb-block-1e3b3cde uagb-infobox__content-wrap  uagb-infobox-icon-above-title uagb-infobox-image-valign-top wp-block-uagb-info-box--has-margin\"><div class=\"uagb-infobox-margin-wrapper\"><div class=\"uagb-ifb-content\"><div class=\"uagb-ifb-title-wrap\"><p class=\"uagb-ifb-title-prefix\">Academy <\/p><h2 class=\"uagb-ifb-title\">Trainings und Seminare f\u00fcr IT-Manager<\/h2><\/div><div class=\"uagb-ifb-separator\"><\/div><\/div><\/div><\/div>\n\n\n\n<p> In unseren Workshops k\u00f6nnen Manager Ihres Unternehmens ihr Wissen aktualisieren. Zu aktuellen Themen leiten und moderieren erfahrene Partner der DigitalLoge die Workshops.&nbsp;<\/p>\n\n\n\n<p>Wissen ist die Grundlage f\u00fcr Entscheidungen. Gerade im Zeitalter der Digitalisierung m\u00fcssen fundamentale, \u00fcber die Zukunft bestimmende Entscheidungen getroffen werden. Dies sind keine Entscheidungen der klassischen IT, sondern Entscheidungen des Managements. Dieses ben\u00f6tigt jedoch die Grundlagen, um eine differenzierte Aussage machen zu k\u00f6nnen. Und gerade dazu tragen die Workshops bei. Sie bef\u00e4higen das Management, Ihren digitalen Weg zu definieren und \u00fcber die wesentlichen Ziele zu entscheiden.&nbsp;<\/p>\n\n\n\n<p>Die praxiserfahrenen Profis erkl\u00e4ren und erarbeiten mit Ihnen darin die Fundamente der Digitalisierung \u2013 abseits der Buzzwords. <\/p>\n<\/div>\n<\/div>\n<\/div><\/div>\n\n\n\n<div style=\"background-image:url(&apos;https:\/\/digitalloge.com\/wp-content\/uploads\/2025\/02\/2022-Corporate-Momentum22824a.jpg&apos;);background-size:cover;background-attachment:scroll;\" class=\"wp-block-group alignfull is-layout-constrained wp-block-group-is-layout-constrained has-background\" id=\"reviews\">\n<div class=\"wp-block-columns is-layout-flex wp-container-core-columns-is-layout-28f84493 wp-block-columns-is-layout-flex\">\n<div class=\"wp-block-column is-layout-flow wp-block-column-is-layout-flow\" style=\"border-radius:0px;padding-top:var(--wp--preset--spacing--80);padding-bottom:0\">\n<div class=\"wp-block-uagb-container uagb-block-f02b9748 default uagb-is-root-container\">\n<div class=\"wp-block-uagb-advanced-heading uagb-block-ea2275cd\"><h3 class=\"uagb-heading-text\">Wir sind f\u00fcr Sie&nbsp;da.<\/h3><\/div>\n\n\n\n<div class=\"wp-block-uagb-advanced-heading uagb-block-cd2256ce\"><h3 class=\"uagb-heading-text\">Sie haben Fragen? Kontaktieren <br> Sie&nbsp;uns!<br><\/h3><\/div>\n\n\n\n<div class=\"wp-block-uagb-separator uagb-block-676bb17f\"><div class=\"uagb-separator-spacing-wrapper\"><div class=\"wp-block-uagb-separator__inner\" style=\"--my-background-image:\"><\/div><\/div><\/div>\n\n\n\n<p class=\"has-white-color has-text-color has-link-color wp-elements-f5742ccce57f44e1eb32c6c668e8eaaa\" style=\"margin-right:0;margin-left:0;padding-right:var(--wp--preset--spacing--80);padding-left:var(--wp--preset--spacing--70);font-size:13px\">Ihr Unternehmen befasst sich mit Digitalisierungs- und Innovationsthemen und legt dabei Wert auf nachhaltigen Erfolg und dauerhaft gest\u00e4rkte Position im Wettbewerb? Die DigitalLoge ist Ihr strategischer Partner f\u00fcr alle relevanten Themen der Digitalisierung und des IT-Managements.<br>Kontaktieren Sie uns \u2014 kostenlos und unverbindlich!<\/p>\n\n\n\n<div class=\"wp-block-uagb-buttons uagb-buttons__outer-wrap uagb-btn__default-btn uagb-btn-tablet__default-btn uagb-btn-mobile__default-btn uagb-block-e3880784\"><div class=\"uagb-buttons__wrap uagb-buttons-layout-wrap \">\n<div data-aos= \"fade-down\" data-aos-duration=\"400\" data-aos-delay=\"0\" data-aos-easing=\"ease\" data-aos-once=\"true\" class=\"wp-block-uagb-buttons-child uagb-buttons__outer-wrap uagb-block-bdaf0b98 wp-block-button\"><div class=\"uagb-button__wrapper\"><a class=\"uagb-buttons-repeater wp-block-button__link\" aria-label=\"\" href=\"https:\/\/digitalloge.zohobookings.eu\/#\/digitallogegmbh\" rel=\"follow noopener\" target=\"_self\" role=\"button\"><div class=\"uagb-button__link\">Kos\u00adten\u00adfrei\u00ades Erstgespr\u00e4ch<\/div><span class=\"uagb-button__icon uagb-button__icon-position-after\"><svg xmlns=\"https:\/\/www.w3.org\/2000\/svg\" viewBox=\"0 0 448 512\" aria-hidden=\"true\" focussable=\"false\"><path d=\"M438.6 278.6l-160 160C272.4 444.9 264.2 448 256 448s-16.38-3.125-22.62-9.375c-12.5-12.5-12.5-32.75 0-45.25L338.8 288H32C14.33 288 .0016 273.7 .0016 256S14.33 224 32 224h306.8l-105.4-105.4c-12.5-12.5-12.5-32.75 0-45.25s32.75-12.5 45.25 0l160 160C451.1 245.9 451.1 266.1 438.6 278.6z\"><\/path><\/svg><\/span><\/a><\/div><\/div>\n<\/div><\/div>\n<\/div>\n<\/div>\n<\/div>\n<\/div>\n","protected":false},"excerpt":{"rendered":"<p>Unsere Digital Champions treiben die Umsetzung voran und bieten verschiedene Schulungsformate an, um die individuellen Bed\u00fcrfnisse Ihres Unternehmens zu erf\u00fcllen. [&hellip;]<\/p>\n","protected":false},"author":1,"featured_media":0,"parent":0,"menu_order":0,"comment_status":"closed","ping_status":"closed","template":"","meta":{"_uag_custom_page_level_css":"","site-sidebar-layout":"default","site-content-layout":"","ast-site-content-layout":"","site-content-style":"default","site-sidebar-style":"default","ast-global-header-display":"","ast-banner-title-visibility":"","ast-main-header-display":"","ast-hfb-above-header-display":"","ast-hfb-below-header-display":"","ast-hfb-mobile-header-display":"","site-post-title":"disabled","ast-breadcrumbs-content":"","ast-featured-img":"","footer-sml-layout":"","ast-disable-related-posts":"","theme-transparent-header-meta":"","adv-header-id-meta":"","stick-header-meta":"","header-above-stick-meta":"","header-main-stick-meta":"","header-below-stick-meta":"","astra-migrate-meta-layouts":"default","ast-page-background-enabled":"default","ast-page-background-meta":{"desktop":{"background-color":"var(--ast-global-color-5)","background-image":"","background-repeat":"repeat","background-position":"center center","background-size":"auto","background-attachment":"scroll","background-type":"","background-media":"","overlay-type":"","overlay-color":"","overlay-opacity":"","overlay-gradient":""},"tablet":{"background-color":"","background-image":"","background-repeat":"repeat","background-position":"center center","background-size":"auto","background-attachment":"scroll","background-type":"","background-media":"","overlay-type":"","overlay-color":"","overlay-opacity":"","overlay-gradient":""},"mobile":{"background-color":"","background-image":"","background-repeat":"repeat","background-position":"center center","background-size":"auto","background-attachment":"scroll","background-type":"","background-media":"","overlay-type":"","overlay-color":"","overlay-opacity":"","overlay-gradient":""}},"ast-content-background-meta":{"desktop":{"background-color":"var(--ast-global-color-4)","background-image":"","background-repeat":"repeat","background-position":"center center","background-size":"auto","background-attachment":"scroll","background-type":"","background-media":"","overlay-type":"","overlay-color":"","overlay-opacity":"","overlay-gradient":""},"tablet":{"background-color":"var(--ast-global-color-4)","background-image":"","background-repeat":"repeat","background-position":"center center","background-size":"auto","background-attachment":"scroll","background-type":"","background-media":"","overlay-type":"","overlay-color":"","overlay-opacity":"","overlay-gradient":""},"mobile":{"background-color":"var(--ast-global-color-4)","background-image":"","background-repeat":"repeat","background-position":"center center","background-size":"auto","background-attachment":"scroll","background-type":"","background-media":"","overlay-type":"","overlay-color":"","overlay-opacity":"","overlay-gradient":""}},"footnotes":""},"class_list":["post-208","page","type-page","status-publish","hentry"],"magazineBlocksPostFeaturedMedia":{"thumbnail":false,"medium":false,"medium_large":false,"large":false,"1536x1536":false,"2048x2048":false},"magazineBlocksPostAuthor":{"name":"admin","avatar":"https:\/\/secure.gravatar.com\/avatar\/f84989d0058aa19702beaaf21600d5689c84bea9534250267e765476a8346305?s=96&d=mm&r=g"},"magazineBlocksPostCommentsNumber":false,"magazineBlocksPostExcerpt":"Unsere Digital Champions treiben die Umsetzung voran und bieten verschiedene Schulungsformate an, um die individuellen Bed\u00fcrfnisse Ihres Unternehmens zu erf\u00fcllen. [&hellip;]","magazineBlocksPostCategories":[],"magazineBlocksPostViewCount":0,"magazineBlocksPostReadTime":4,"uagb_featured_image_src":{"full":false,"thumbnail":false,"medium":false,"medium_large":false,"large":false,"1536x1536":false,"2048x2048":false},"uagb_author_info":{"display_name":"admin","author_link":"https:\/\/digitalloge.com\/index.php\/author\/office_tqeq27sq\/"},"uagb_comment_info":0,"uagb_excerpt":"Unsere Digital Champions treiben die Umsetzung voran und bieten verschiedene Schulungsformate an, um die individuellen Bed\u00fcrfnisse Ihres Unternehmens zu erf\u00fcllen. [&hellip;]","_links":{"self":[{"href":"https:\/\/digitalloge.com\/index.php\/wp-json\/wp\/v2\/pages\/208","targetHints":{"allow":["GET"]}}],"collection":[{"href":"https:\/\/digitalloge.com\/index.php\/wp-json\/wp\/v2\/pages"}],"about":[{"href":"https:\/\/digitalloge.com\/index.php\/wp-json\/wp\/v2\/types\/page"}],"author":[{"embeddable":true,"href":"https:\/\/digitalloge.com\/index.php\/wp-json\/wp\/v2\/users\/1"}],"replies":[{"embeddable":true,"href":"https:\/\/digitalloge.com\/index.php\/wp-json\/wp\/v2\/comments?post=208"}],"version-history":[{"count":15,"href":"https:\/\/digitalloge.com\/index.php\/wp-json\/wp\/v2\/pages\/208\/revisions"}],"predecessor-version":[{"id":857,"href":"https:\/\/digitalloge.com\/index.php\/wp-json\/wp\/v2\/pages\/208\/revisions\/857"}],"wp:attachment":[{"href":"https:\/\/digitalloge.com\/index.php\/wp-json\/wp\/v2\/media?parent=208"}],"curies":[{"name":"wp","href":"https:\/\/api.w.org\/{rel}","templated":true}]}}